(43). List the prime factors of ((0 - w) + 1)*11250/100.
2, 3, 5
Suppose 1850 = -0*r + 2*r. Suppose 214 = -3*x + r. What are the prime factors of x?
3, 79
What are the prime factors of 7199 + (14 - 10)*(-3)/(-4)?
2, 13, 277
Let b = -71 - -73. Suppose -b*c + 402 = 5*h, -344 = -4*h + c + 3*c. List the prime factors of h.
2, 41
Suppose 24*y - 25*y - 47 = 0. Let j = -39 - y. List the prime factors of 21/12 - 2 - (-674)/j.
2, 3, 7
Let d(t) = -t**3 + 2*t**2 + 8*t + 5. Let v = -21 + 18. Let b be d(v). Suppose -b = -3*s + 7. List the prime factors of s.
11
Suppose 4*w = -n - w - 17, 4*n = 5*w + 32. Suppose 5*z - n*z = 1572. List the prime factors of z.
2, 3, 131
Let q be 22 + (-15 + 24 - 4*1). What are the prime factors of (-2790)/q*48/(-5)?
2, 31
Let r = 608 + -605. Suppose r*c = -6*j + 10*j - 2064, 2580 = 5*j - 3*c. List the prime factors of j.
2, 3, 43
Suppose -12*u - 51 + 75 = 0. Suppose -4*d - 2*m = -2722, 670 = d - u*m + 6*m. List the prime factors of d.
2, 11, 31
Suppose 7024 = 9*t + 7*t. What are the prime factors of t?
439
Let a(q) = -2 - 14*q + 24*q - 5 - 4 + 1150*q**2. What are the prime factors of a(1)?
3, 383
Suppose -4*z - w + 80510 = 0, 15*z - 18*z = -5*w - 60348. List the prime factors of z.
2, 29, 347
Let t(s) = 11*s**2 - 3*s - 94. What are the prime factors of t(-28)?
2, 59, 73
Suppose 3*h = 0, 980 = 5*z - 17*h + 13*h. List the prime factors of 1/((-586)/z + 3).
2, 7
Let v(i) = i**3 + 7*i**2 + 9*i - 5. Let j be v(-3). Let p(k) = 12*k**3 - 9*k**2 + 17*k - 10. What are the prime factors of p(j)?
2, 11, 31
Let b(x) be the third derivative of x**5/12 - 17*x**3/6 - 5*x**2 + 11. What are the prime factors of b(-9)?
2, 97
Let f(j) = 108*j - 64. Let g(z) = -z**3 - 8*z**2 - 9*z - 10. Let l be g(-7). List the prime factors of f(l).
2, 23
Let t(h) = 2*h**3 + 86*h**2 - 1607*h + 85. List the prime factors of t(-57).
2, 89
Let k = 11358 - 11358. Let i be 527/3 - (-2)/(-3). Suppose -j + 5*c + i = k, 2*j - 314 = c - 3*c. What are the prime factors of j?
2, 5
Suppose -116 = -3*h - h. Suppose h*t + 292 = 33*t. What are the prime factors of t?
73
Let b(d) = 12*d**2 - 3*d - 25. Let o be b(-5). Suppose -3*y + 475 + o = 0. What are the prime factors of y?
3, 5, 17
Let z(d) = 12*d**2 - 5*d + 19. Let n(c) = -4*c**2 + 2*c - 7. Let p(f) = 11*n(f) + 4*z(f). Let j(x) = -x + 3. Let i be j(5). List the prime factors of p(i).
11
Suppose -3*a - 15 = -4*n, 4*n - 8 = -2*a - 18. What are the prime factors of 66/(n - 11)*12/(-1)?
2, 3
Suppose -5*d - 3348 = -2*g - 8*d, -8 = -2*d. Suppose 3*i + g = 9*i. List the prime factors of i.
2, 139
Suppose 7*h - 12 = 16. Suppose 3*z - h*k - 2373 = -k, -5*k + 3975 = 5*z. What are the prime factors of z?
13, 61
Let v(i) = -7*i + 272. Let p be v(37). Let q(f) = -f**3 + 17*f**2 - 32*f + 20. List the prime factors of q(p).
2, 5, 7
Let l be (-24)/32 - (1 + 452/16). List the prime factors of l/(-8)*13984/114.
2, 5, 23
Let m(b) = 5*b**3 + 2*b**2 - 197*b + 1632. What are the prime factors of m(10)?
2, 11, 13, 17
Suppose g - 41226 = -4*t + 6958, 240902 = 5*g + 2*t. List the prime factors of g.
2, 3, 5, 11, 73
Suppose -9*g = -4*g + 5*k - 77275, -3*k = 2*g - 30917. What are the prime factors of g?
2, 1931
Let r be 765/(-102)*2/(-3). Suppose -w + r*w = 0, 5*z - 2535 = -3*w. List the prime factors of z.
3, 13
Let m = -63 + 68. Suppose 9 = 3*x, x - 648 = -m*i - 0*x. List the prime factors of i.
3, 43
List the prime factors of (2 - 252860/40)/(((-6)/(-4))/(-3)).
3, 11, 383
Let n(d) = -3*d**3 + 2*d + 1. Let f be n(-1). Let r(p) = -p**3 - p**2 + 2*p + 4. Let q be r(f). List the prime factors of 3 + q - -2 - -87.
2, 11
Let q be (-7)/(-35) - 27/(-15). Let g(n) = 74*n**3 + 4*n**2 - 6*n + 7. List the prime factors of g(q).
3, 67
Let l = -22 + 43. Suppose 5*s - l = 3*p, 2*s - s + 3 = -3*p. Let r(c) = -40*c - 9. What are the prime factors of r(p)?
71
Suppose 14*p = 5014 + 7796. Suppose -5*a = -5, -5*d = -10*d + 5*a + p. What are the prime factors of d?
2, 23
Let f(v) = 1645 - 1621 + 5*v + 89*v. What are the prime factors of f(4)?
2, 5
Suppose -g - 479*d + 1859 = -477*d, -5*d + 5582 = 3*g. What are the prime factors of g?
3, 7, 89
Let g(o) = -1806*o - 791. What are the prime factors of g(-6)?
5, 7, 41
Let b(d) = 51*d + 1343. List the prime factors of b(113).
2, 11, 17, 19
List the prime factors of ((-37)/(1369/(-1130313)))/(-1*(-2)/6).
3, 17, 599
Suppose -9*k - 49016 = -2*n - 14*k, -2*k = -2*n + 49002. List the prime factors of n.
107, 229
Suppose -27*v - 6*v + 411700 = 67*v. What are the prime factors of v?
23, 179
Suppose 4*r + i - 22065 + 2036 = 0, 10010 = 2*r - 4*i. List the prime factors of r.
3, 1669
Suppose 0 = 24*c - 5*c - 220348 - 70979. List the prime factors of c.
3, 19, 269
Let f = 2825 + 2843. What are the prime factors of f?
2, 13, 109
Suppose 13*m = -m - 4*m. Suppose m = 14*c - 795 - 2397. List the prime factors of c.
2, 3, 19
Suppose 3*m + 2*g = 257, -4*g - g = -5. Let a = -14 + m. Suppose 3*y - 154 = a. List the prime factors of y.
3, 5
Suppose -5*p = 27 - 2, 2*u - 1085 = 3*p. Suppose -195 = 4*d - u. What are the prime factors of d?
5, 17
Let w = -493 + 464. Let i = 388 + w. List the prime factors of i.
359
Let p = 8105 + -756. What are the prime factors of p?
7349
Let x be 29 + (7 + 14)/7. Let j = 382 + x. List the prime factors of j.
2, 3, 23
Suppose 12*x = 3*x + 18. Let g = 58 + -55. Suppose a - 207 = -g*q + x*a, a = -q + 73. What are the prime factors of q?
2, 5, 7
Suppose 0 = -3*p - 9*p + 3720. Let t = -66 + p. Suppose -t + 16 = -2*m. What are the prime factors of m?
2, 3, 19
Let l(d) = -783*d - 40 + 389*d + 392*d. List the prime factors of l(-28).
2
Let p(y) = 7*y - 23. Let x be 16 + ((-2)/(-4))/(2/(-8)). What are the prime factors of p(x)?
3, 5
Let a(b) be the second derivative of -239*b**5/20 + b**3/6 + b**2 - 8*b. Let f = -5 - -4. What are the prime factors of a(f)?
2, 3, 5
Let q(d) = -3*d + 23. Let k be q(8). Let t be k/(-9)*3*21. Let o = 20 + t. List the prime factors of o.
3
Let b = 31 - 27. Let v be (4 - b) + -4 - 65. Let r = v - -107. What are the prime factors of r?
2, 19
Let t = -48 - -51. Let l(q) = -2*q**3 + 5*q**2 + 5. Let k be l(t). What are the prime factors of ((k + 3)*1)/(1/(-137))?
137
Let s(n) be the first derivative of -n**3 + 26 - 3*n**2 - 5*n + 1/4*n**4. What are the prime factors of s(6)?
67
Let k(x) = 103*x. Suppose -3*h - 5*y - 16 = 0, 5*h - y - 20 = -0*y. List the prime factors of k(h).
3, 103
Let v be (-1 + 0)*-4 + -2. Suppose 2*z = -5*l - 131 + 813, -3*l - 4*z = -398. Suppose -5*w + 1107 + l = 5*k, 489 = v*w + 5*k. What are the prime factors of w?
2, 3, 7
List the prime factors of (-370967)/(-69) + 2 + (-21)/9.
2, 3, 7
Suppose -5*l = 20, -7704 = -4*n - 3*l + 18728. List the prime factors of n.
11, 601
Suppose 4*h = -4*s + 5*h - 65, 5*h = -15. Let m(w) = -9*w - 38. Let g(z) = 28*z + 113. Let k(u) = s*m(u) - 6*g(u). What are the prime factors of k(-12)?
2, 37
Suppose 3*z = h - 26, -4*h - 5*z + 0*z = -70. Suppose 21*m = h*m + 4. Let l(w) = 15*w + 19. List the prime factors of l(m).
79
Let t(w) = 88*w + 2. Suppose -3*p - 1 = 3*f - 7, 5*f - 4 = -3*p. What are the prime factors of t(p)?
2, 7, 19
Let s(l) = 174*l**2 + 331*l + 324. What are the prime factors of s(-20)?
2, 41, 193
Let l be (-1)/(25/20) - 28/(-35). List the prime factors of 860 + (l/(-2) - -2) + -1.
3, 7, 41
Suppose 167*a = 48*a + 20944. What are the prime factors of a?
2, 11
Suppose 3*g = 4*s + 67, 19 = -3*s - 4*g - 25. Let m = s - -65. What are the prime factors of m?
7
Let u be ((-6)/4)/((-3)/614). Suppose 8*k + u = -109. Let d = 14 - k. List the prime factors of d.
2, 3, 11
Let f = 38643 + -27249. List the prime factors of f.
2, 3, 211
Let q = 26 - 21. Suppose q*k - 4*f = 1442, -2*k = 3*k - 2*f - 1436. List the prime factors of k.
2, 11, 13
Let v be (-2)/(-6) - 2000/(-48). Let m be 4/6*(-63)/v. Let o(f) = -48*f**3 - f**2 - 2*f - 2. List the prime factors of o(m).
47
Let n = -55811 + 99082. List the prime factors of n.
43271
Let f = 138 + -123. What are the prime factors of (-4)/4 - 6*(-1630)/f?
3, 7, 31
Suppose -i = -3, 3*i - 9 = 7*v - 11*v. Suppose v = -16*d + 12*d - 892. Let a = d + 416. List the prime factors of a.
193
Suppose 5*r = 4*k - 22347, -8*k + 7*k + 2*r = -5586. Suppose k = -5*x + 16*x. List the prime factors of x.
2, 127
Suppo